s the hundred thousands digit of 1181550?
1
What is the tens digit of 2638137?
3
What is the hundred thousands digit of 178154?
1
What is the ten thousands digit of 710419?
1
What is the thousands digit of 32745854?
5
What is the thousands digit of 834154?
4
What is the millions digit of 11569919?
1
What is the tens digit of 11145244?
4
What is the tens digit of 11164060?
6
What is the units digit of 339356?
6
What is the hundreds digit of 467746?
7
What is the ten thousands digit of 917601?
1
What is the units digit of 11700?
0
What is the units digit of 45868?
8
What is the hundred thousands digit of 928185?
9
What is the hundred thousands digit of 530218?
5
What is the millions digit of 2322955?
2
What is the tens digit of 38215?
1
What is the hundreds digit of 92017?
0
What is the millions digit of 15495966?
5
What is the ten thousands digit of 4182499?
8
What is the thousands digit of 1815317?
5
What is the hundred thousands digit of 5820607?
8
What is the millions digit of 3227005?
3
What is the ten thousands digit of 38023?
3
What is the thousands digit of 256954?
6
What is the units digit of 54433?
3
What is the hundred thousands digit of 5678768?
6
What is the thousands digit of 18588?
8
What is the hundreds digit of 5696248?
2
What is the ten thousands digit of 954463?
5
What is the tens digit of 20289?
8
What is the tens digit of 58583?
8
What is the hundreds digit of 2868412?
4
What is the units digit of 3016416?
6
What is the units digit of 2521931?
1
What is the millions digit of 1691693?
1
What is the thousands digit of 36076338?
6
What is the thousands digit of 11322579?
2
What is the ten thousands digit of 408970?
0
What is the hundreds digit of 8078173?
1
What is the tens digit of 302271?
7
What is the hundreds digit of 275795?
7
What is the thousands digit of 70917?
0
What is the hundreds digit of 4701231?
2
What is the units digit of 732918?
8
What is the hundreds digit of 1001350?
3
What is the tens digit of 948431?
3
What is the ten thousands digit of 1402804?
0
What is the tens digit of 1543664?
6
What is the hundreds digit of 99077?
0
What is the ten thousands digit of 1069792?
6
What is the tens digit of 27134?
3
What is the tens digit of 12168674?
7
What is the ten thousands digit of 239038?
3
What is the millions digit of 4040687?
4
What is the thousands digit of 6903976?
3
What is the hundreds digit of 741606?
6
What is the hundreds digit of 6135722?
7
What is the thousands digit of 69645?
9
What is the thousands digit of 427620?
7
What is the hundreds digit of 780902?
9
What is the units digit of 1521046?
6
What is the units digit of 398884?
4
What is the units digit of 53780?
0
What is the units digit of 683980?
0
What is the units digit of 323654?
4
What is the thousands digit of 2817643?
7
What is the thousands digit of 26021472?
1
What is the hundred thousands digit of 8834487?
8
What is the units digit of 2940490?
0
What is the ten thousands digit of 321400?
2
What is the tens digit of 1771256?
5
What is the ten thousands digit of 90654?
9
What is the hundred thousands digit of 2443039?
4
What is the ten millions digit of 14971498?
1
What is the hundreds digit of 2129996?
9
What is the thousands digit of 383960?
3
What is the units digit of 874673?
3
What is the tens digit of 90730?
3
What is the tens digit of 25884?
8
What is the hundreds digit of 169010?
0
What is the thousands digit of 245749?
5
What is the thousands digit of 58823?
8
What is the units digit of 114529?
9
What is the tens digit of 416238?
3
What is the units digit of 152815?
5
What is the ten millions digit of 10276843?
1
What is the hundreds digit of 287650?
6
What is the units digit of 519278?
8
What is the tens digit of 1761766?
6
What is the units digit of 6774957?
7
What is the thousands digit of 22569?
2
What is the units digit of 550221?
1
What is the hundreds digit of 243211?
2
What is the ten thousands digit of 7089383?
8
What is the tens digit of 150917?
1
What is the tens digit of 198285?
8
What is the hundreds digit of 6263284?
2
What is the thousands digit of 2136078?
6
What is the thousands digit of 5135460?
5
What is the ten thousands digit of 285997?
8
What is the hundreds digit of 1315086?
0
What is the ten thousands digit of 622799?
2
What is the hundreds digit of 3288945?
9
What is the hundreds digit of 1716003?
0
What is the tens digit of 2578352?
5
What is the units digit of 185015?
5
What is the units digit of 17354771?
1
What is the hundred thousands digit of 748037?
7
What is the thousands digit of 172073?
2
What is the hundred thousands digit of 2753055?
7
What is the ten thousands digit of 462660?
6
What is the thousands digit of 16969174?
9
What is the tens digit of 14793049?
4
What is the hundreds digit of 2517453?
4
What is the hundred thousands digit of 3530559?
5
What is the units digit of 51280?
0
What is the tens digit of 13437796?
9
What is the ten thousands digit of 182620?
8
What is the units digit of 2923?
3
What is the hundred thousands digit of 793053?
7
What is the tens digit of 28438667?
6
What is the units digit of 15893122?
2
What is the hundred thousands digit of 156372?
1
What is the tens digit of 4400030?
3
What is the thousands digit of 37778?
7
What is the units digit of 352595?
5
What is the tens digit of 9370209?
0
What is the units digit of 80111?
1
What is the ten thousands digit of 492935?
9
What is the hundred thousands digit of 190946?
1
What is the units digit of 15546?
6
What is the hundreds digit of 104257?
2
What is the hundred thousands digit of 2687288?
6
What is the tens digit of 329937?
3
What is the ten thousands digit of 18188214?
8
What is the ten thousands digit of 5484975?
8
What is the thousands digit of 1411856?
1
What is the thousands digit of 1312891?
2
What is the hundred thousands digit of 3090891?
0
What is the hundreds digit of 243458?
4
What is the tens digit of 21883794?
9
What is the hundred thousands digit of 272877?
2
What is the ten millions digit of 26537222?
2
What is the tens digit of 358139?
3
What is the millions digit of 1845256?
1
What is the thousands digit of 1442719?
2
What is the thousands digit of 5743420?
3
What is the tens digit of 870951?
5
What is the ten millions digit of 18840285?
1
What is the units digit of 1838378?
8
What is the thousands digit of 4041720?
1
What is the thousands digit of 2226349?
6
What is the units digit of 10211532?
2
What is the ten thousands digit of 2026362?
2
What is the hundred thousands digit of 1431956?
4
What is the hundreds digit of 3013271?
2
What is the units digit of 313612?
2
What is the hundred thousands digit of 476694?
4
What is the millions digit of 29017570?
9
What is the tens digit of 4590844?
4
What is the ten thousands digit of 8532403?
3
What is the tens digit of 2026942?
4
What is the millions digit of 1158335?
1
What is the ten thousands digit of 1982707?
8
What is the hundreds digit of 1577118?
1
What is the ten thousands digit of 1053606?
5
What is the ten thousands digit of 314207?
1
What is the tens digit of 40268?
6
What is the thousands digit of 1022397?
2
What is the units digit of 841015?
5
What is the hundreds digit of 313145?
1
What is the hundreds digit of 30967?
9
What is the millions digit of 3604378?
3
What is the hundreds digit of 6572068?
0
What is the units digit of 670110?
0
What is the ten thousands digit of 364448?
6
What is the hundreds digit of 5732476?
4
What is the units digit of 7261946?
6
What is the hundreds digit of 4641830?
8
What is the hundred thousands digit of 417238?
4
What is the thousands digit of 14351567?
1
What is the ten thousands digit of 1669108?
6
What is the thousands digit of 105547?
5
What is the ten thousands digit of 326866?
2
What is the millions digit of 3246892?
3
What is the ten thousands digit of 5534652?
3
What is the tens digit of 703569?
6
What is the thousands digit of 527985?
7
What is the millions digit of 3147548?
3
What is the tens digit of 7783038?
3
What is the units digit of 5291728?
8
What is the millions digit of 17686664?
7
What is the hundreds digit of 239721?
7
What is the millions digit of 1359084?
1
What is the millions digit of 4468145?
4
What is the units digit of 4610200?
0
What is the hundred thousands digit of 3417201